 and 3?
3
Let w be 128/56 - 2/7. Suppose 0 = 5*l - 4*a - 229, 2*l + 3*a + 9 = 96. Let g be (7 - w - 2) + l. Calculate the greatest common factor of 16 and g.
16
Let u be (3/4)/(3/120). Suppose -14 - 2 = -4*n - 2*h, -h = n - 5. Calculate the greatest common factor of u and n.
3
Let p be (-50)/4*(-88)/10. Let d(a) = -4*a**2. Let h be d(-1). Let r = 14 + h. Calculate the highest common divisor of r and p.
10
Let r be 135/(-18)*1*-22. Calculate the greatest common factor of r and 66.
33
Suppose -5*h - 4*r + 76 = -79, -4*h + 124 = 4*r. Calculate the greatest common factor of 31 and h.
31
Let u be (4/(4/3))/1. Let t be u/(-12) - (-18)/8. Suppose d + 6 = 2*m - m, 4*m = t*d + 26. Calculate the greatest common divisor of m and 56.
7
Suppose -v - 2 = 2*m + v, -3*v - 15 = 0. Suppose 0 = 3*n - 49 + 10. Let t = 49 - n. Calculate the highest common factor of t and m.
4
Let u = 43 + -13. Calculate the highest common factor of u and 20.
10
Let k(d) = 14*d - 4. Let z be k(6). Calculate the highest common divisor of 10 and z.
10
Suppose 2*l = 5*l - 45. Suppose -5*c + 37 = 2*f, f + 23 = 3*c + 2*f. Let b = l - c. What is the greatest common divisor of b and 3?
3
Let t(l) = l**3 + 10*l**2 - 11*l + 2. Let y be t(-11). Calculate the greatest common divisor of y and 1.
1
Let f(p) = 13*p + 6. Let g be f(2). What is the highest common factor of 16 and g?
16
Suppose 0 = 5*p + 2*u - 80, 12 = 3*p - 5*u - 5. Suppose -4*k - 2 - 14 = 4*b, 50 = -5*k + 5*b. Let s = k + p. Calculate the highest common divisor of 1 and s.
1
Let n be ((-36)/16)/((-6)/16). Calculate the highest common divisor of 66 and n.
6
Let k(v) = v**2 - 21*v - 62. Let s be k(25). Calculate the greatest common divisor of s and 266.
38
Let a be 640/(-65) - (-2)/(-13). Let o(p) = -p**3 - 9*p**2 + p - 13. Let k be o(a). Calculate the highest common divisor of k and 11.
11
Suppose 4*v + 5*k - 45 = -0*k, 5*v + 3*k = 40. Suppose -14 + 2 = -w - 3*m, 0 = -v*w - 3*m + 48. What is the greatest common factor of w and 63?
9
Suppose -4*f = -0*f + 4, -5*m = -5*f - 95. Let u be ((-18)/15)/((-15)/50). Suppose 7 = u*o - 17. Calculate the highest common factor of m and o.
6
Let f(w) = -19*w - 3. Let i be f(-3). Suppose h + 4*a + 4 + 2 = 0, 2*h - 3*a = 21. Calculate the greatest common divisor of h and i.
6
Suppose 0*b + 18 = 2*b. Let v be 16/b + 2/9. Calculate the greatest common factor of v and 2.
2
Let j be 84/(-5)*(12 + -17). Calculate the greatest common divisor of j and 210.
42
Let d be 44/2 + 1 - -5. What is the highest common divisor of d and 7?
7
Let t(u) = -u**3 - 5*u**2 - u + 2. Let p be t(-5). What is the highest common factor of 14 and p?
7
Suppose 0 = 3*f - 4*f. Suppose -4*k + 2*k = -w - 8, -2*k + 4*w + 2 = f. Calculate the greatest common factor of k and 10.
5
Suppose -5*g + 105 = -2*s, -3*g + 11 = -5*s - 33. Suppose y = -5*p + 18, y + 3*p + 50 = 2*y. Let r = y - g. What is the highest common factor of 75 and r?
15
Suppose 0*i + 1252 = -2*i. Let t = -13 + 7. Let f be i/t - (-2)/(-6). What is the highest common factor of 13 and f?
13
Let p be (-3)/12 - 26/(-8). Let q(b) = b**2 + 3. Let f be q(p). Suppose -5*c + 39 + 381 = 0. What is the highest common divisor of c and f?
12
Let g(z) = z**2 + 20. Let u be g(0). Suppose -3 = 4*r - 123. What is the highest common divisor of r and u?
10
Let b = 11 + -1. Let g = 103 - 71. Suppose -g = -v - 3*v + 2*x, -2*x = -2*v + 12. What is the highest common factor of v and b?
10
Let f be ((-2)/(-4))/((-3)/(-30)). Let v = -96 + 136. Suppose -3*q + v = -80. What is the highest common divisor of f and q?
5
Let q be (9/(-4))/((-6)/32). Suppose -q - 8 = -4*p. Suppose 0 = 4*d + 16, p*o - d - 52 = 132. Calculate the highest common factor of 9 and o.
9
Let l = 24 + 4. What is the highest common divisor of 28 and l?
28
Let s be (-1)/(1/(-3) - 0). Calculate the highest common divisor of s and 6.
3
Let c = -183 + 95. Let j be (-2)/(-10) + c/(-10). Let q = 205 + -106. What is the greatest common divisor of j and q?
9
Let j = 3 + 2. Suppose 25 = 2*p - j*v, 1 = -5*p - 4*v - 19. Suppose 68 = 4*o - p*o. Calculate the highest common factor of 187 and o.
17
Suppose -2*l - 2*h - 476 = -6*l, -3*l + 364 = 2*h. Suppose 45 = 5*z - z + 3*o, -z + 40 = -5*o. What is the greatest common divisor of z and l?
15
Let m be -2*1 + 123/3. Suppose -8*q + 4*q + 32 = 4*i, 5*q - 45 = -4*i. What is the greatest common factor of m and q?
13
Let o(j) = -2*j + 3. Let w be o(4). Suppose 5*v - 3*r = 31 + 17, -2*r + 16 = 2*v. Let t = v - w. Calculate the highest common divisor of t and 14.
14
Let m(l) be the third derivative of -l**4/24 + 112*l**3/3 + 3*l**2. Let w be m(0). What is the greatest common factor of w and 28?
28
Suppose 3*l - 153 = 111. Calculate the greatest common factor of l and 8.
8
Suppose 56 = 2*a - 3*r, -2*a + 16 + 40 = 4*r. What is the greatest common divisor of a and 4?
4
Suppose -t = -2*t - 4*j + 53, 0 = -2*j. Let n = t - 17. Let a be 1/(-2 + 74/n). What is the greatest common divisor of 90 and a?
18
Let r(j) = -j + 5. Let a be r(4). Let i be 3/(2 + a) + 79. Suppose 0 = -2*x + 2*p + i, -5*x = -p + 4 - 212. What is the highest common divisor of x and 7?
7
Let q be (8/(-6))/((-5)/90). Calculate the greatest common factor of q and 24.
24
Suppose -o + 37 = 4*m, -2*m + 17 - 114 = -5*o. Suppose -4*y = -7 - o. What is the greatest common divisor of y and 63?
7
Suppose -34 = -2*r + 20. What is the highest common factor of 9 and r?
9
Suppose n - 648 = -5*n. Calculate the highest common factor of 27 and n.
27
Let i be 9 - 5/((-10)/4). Let n(d) = 4*d**2 + 4*d - 4. Let u be n(3). Calculate the highest common factor of i and u.
11
Let m(n) = -6*n + 16. Let l be m(-6). What is the highest common divisor of 26 and l?
26
Suppose 2*g - 4*g + 22 = 0. What is the greatest common factor of g and 11?
11
Suppose -9*c + 4*c = -85. What is the highest common factor of c and 323?
17
Let t(y) = -y - 2. Let m be t(-2). Suppose 3*h - 6*h + 84 = m. What is the greatest common divisor of 70 and h?
14
Suppose -3*i + 252 = 6*i. What is the highest common factor of i and 7?
7
Let v = 150 - 95. What is the greatest common factor of v and 5?
5
Let o(t) = -t**2 + 11*t + 17. Let x be o(11). Calculate the greatest common factor of 17 and x.
17
Let i be 79/7 - 6/21. Suppose -2*h = l - i, 3*l + 2 = 2*h - 3*h. Let o = h + -3. Calculate the greatest common factor of o and 36.
4
Let m be 2/8 + 382/8. What is the greatest common divisor of m and 12?
12
Let v = -82 - -95. Calculate the greatest common factor of v and 26.
13
Let x(c) = 4*c - 6. Let j be x(4). Let h be 48/22 - j/55. Suppose 0 = -2*b - h*b + 32. Calculate the highest common factor of b and 2.
2
Suppose 3*s = 1199 - 227. Calculate the greatest common divisor of s and 36.
36
Suppose 2*o - 3*o - 126 = 2*z, z - o = -66. Let i be 2/(-6) - z/12. Suppose i*j - 97 = 103. Calculate the greatest common divisor of 10 and j.
10
Let p(i) = i**3 - 4*i**2 - 3*i + 6. Let n be p(5). Let s = -4 + n. Calculate the greatest common divisor of 36 and s.
12
Let p(u) = -14*u + 2. Let m be p(-7). Calculate the highest common factor of m and 20.
20
Suppose 2*y = u + 11, 0*y - 5*y = -u - 23. Let z(t) = -t**2 - 9*t - 11. Let s be z(-9). Let c = y - s. What is the greatest common factor of c and 15?
15
Let a(g) = 2*g**2 - 2*g + 4. Let v be a(3). What is the highest common divisor of v and 4?
4
Let d(i) = 3*i - 9. Let m(s) = -4 + 0 + 12*s**2 - 3*s - 11*s**2 + 1. Let t be m(-2). Let f be d(t). Calculate the greatest common divisor of 18 and f.
6
Let x = -8 + -17. Let t be 10/x + 52/5. Let r(o) = -14*o - 4. Let s be r(-6). Calculate the greatest common divisor of s and t.
10
Suppose x + 5*y - 6 + 14 = 0, 0 = -3*x - y - 10. Let c be (x/4)/(6/(-192)). What is the greatest common factor of c and 48?
24
Let b(i) = i**2 - 9*i + 11. Let g be b(8). Suppose -y + 58 = g*y + 2*o, -3*y + 2*o + 33 = 0. Calculate the highest common divisor of y and 117.
13
Suppose 2*a + 0*a + 2 = -2*j, -5*a + 2*j + 9 = 0. Let c be 3 + (-1 - -19) + a. Calculate the greatest common divisor of 220 and c.
22
Let u = -25 - -35. Calculate the greatest common factor of 110 and u.
10
Let m(k) = 6*k - 8. Let c be m(12). Let j = -16 - 0. Let y be ((-3)/2)/(3/j). What is the greatest common factor of y and c?
8
Let a = 9 + -6. Suppose 0*v + a*v = 9. Ca